).
-6
Let h(v) = v**3 + 49*v**2 + 88*v - 198. What is h(-47)?
84
Let i(s) = -3*s**2 - 23*s - 34. Calculate i(-5).
6
Let k(l) = -169*l + 16401. What is k(97)?
8
Let u(d) = -22*d - 237. Give u(-5).
-127
Let k(l) = 5*l**3 - 9*l**2 - 14*l + 58. Calculate k(3).
70
Let c(h) = 108*h - 2851. Give c(26).
-43
Let k(b) = b**2 + 11*b - 19. Calculate k(-10).
-29
Let b(k) = 10*k + 234. Calculate b(-13).
104
Let h(g) = 5*g**3 + 77*g**2 + 27*g - 39. Determine h(-15).
6
Let i(a) = -609*a - 3031. Give i(-5).
14
Let z(f) = 266*f + 1620. Determine z(-7).
-242
Let w(u) = -9*u - 322. What is w(-35)?
-7
Let g(n) = -8*n**2 - 53*n - 100. Determine g(-2).
-26
Let c(v) = -2*v**3 - 31*v**2 + 64*v + 1. What is c(2)?
-11
Let o(k) = 3*k**3 - 3*k**2 + k - 1. Determine o(2).
13
Let h(r) = -561*r + 1712. Give h(3).
29
Let b(d) = -d**2 - 143*d - 5065. What is b(-76)?
27
Let s(w) = 34*w**2 + 468*w - 128. Calculate s(-14).
-16
Let a(g) = 3*g**3 + 96*g**2 + 4*g + 108. Give a(-32).
-20
Let a(y) = 96*y - 100. Give a(1).
-4
Let m(k) = -k**3 - 8*k**2 + 71*k + 1028. Calculate m(-13).
950
Let u(y) = -2*y**3 - 93*y**2 + 48*y + 26. Give u(-47).
-21
Let n(a) = 3*a**2 - 24*a - 316. Give n(-7).
-1
Let c(y) = 56*y - 571. Determine c(11).
45
Let x(t) = t**2 - 818*t - 9125. Give x(-11).
-6
Let f(m) = m**2 - 168*m + 159. Calculate f(0).
159
Let b(f) = -13*f**2 - 79*f + 11. Calculate b(-6).
17
Let s(f) = -4*f**2 + 219*f - 580. Give s(52).
-8
Let l(k) = -k**3 - 20*k**2 - 35*k + 4. Determine l(-2).
2
Let b(s) = 17*s - 82. Give b(-3).
-133
Let z(v) = 318*v - 2613. Calculate z(8).
-69
Let h(j) = -148*j - 15. Calculate h(2).
-311
Let m(k) = -28*k - 87. Determine m(-34).
865
Let l(h) = -h**3 + 53*h**2 + 1076*h - 3803. Give l(68).
5
Let m(s) = s**2 - 13*s - 294. Calculate m(25).
6
Let r(x) = -789*x - 2234. Determine r(-3).
133
Let q(z) = -5*z**2 - 58*z - 245. Calculate q(-4).
-93
Let n(b) = b**2 - 601*b - 18266. Determine n(-29).
4
Let n(u) = 79*u**2 - 296*u + 177. What is n(3)?
0
Let a(x) = -2*x - 52. Determine a(21).
-94
Let v(o) = -3*o**3 + 66*o**2 - 121*o + 19. Calculate v(20).
-1
Let x(p) = -p**3 + 12*p**2 - 16*p + 40. What is x(10)?
80
Let u(c) = 147*c + 16775. Determine u(-114).
17
Let j(x) = x**3 + 10*x**2 + 23*x + 7. What is j(-5)?
17
Let h(s) = -2*s**3 - 67*s**2 + 102*s - 84. Calculate h(-35).
21
Let a(o) = -744*o + 2176. Give a(3).
-56
Let j(c) = c**3 + 18*c**2 + 80*c + 4. Give j(-7).
-17
Let h(a) = -514*a - 61166. Determine h(-119).
0
Let k(g) = g**2 - 13*g - 373. Determine k(27).
5
Let w(u) = -u**2 - 428*u - 2953. Calculate w(-7).
-6
Let r(i) = i**3 + 4*i**2 + 4*i + 7. Give r(-2).
7
Let r(p) = -p**3 - 52*p**2 - 149*p - 62. Calculate r(-49).
36
Let q(n) = 3*n**2 - 28*n + 13. Give q(9).
4
Let z(n) = 2*n**2 - 255*n + 369. Determine z(126).
-9
Let v(c) = c**2 - 49*c - 20. Calculate v(51).
82
Let x(w) = -11*w - 118. Calculate x(-11).
3
Let n(b) = -20*b - 118. What is n(-6)?
2
Let n(c) = -4*c**3 + 7*c**2 - 7*c + 10. Calculate n(2).
-8
Let w(c) = -340*c + 6601. Calculate w(20).
-199
Let r(z) = z**2 - 22*z + 79. Determine r(18).
7
Let r(d) = d**2 - 4*d - 2611. Determine r(53).
-14
Let m(l) = 1918*l + 19175. Calculate m(-10).
-5
Let y(r) = 648*r + 1291. Give y(-2).
-5
Let s(v) = v**2 - 303*v - 4431. Give s(-14).
7
Let x(h) = -h**3 + 6*h**2 - 112*h + 298. Give x(3).
-11
Let g(c) = -6*c - 6. What is g(-12)?
66
Let c(w) = -53*w**2 - 207*w - 14. Give c(-4).
-34
Let u(s) = -26*s + 141. Determine u(6).
-15
Let p(a) = 7*a**3 - 3*a**2 - 4*a + 10. Give p(2).
46
Let a(p) = -p**3 - 65*p**2 - p - 71. Give a(-65).
-6
Let x(w) = -w**3 - 7*w**2 + 4*w - 2. Calculate x(-6).
-62
Let y(s) = s**3 - 9*s**2 - 125*s + 53. Give y(-8).
-35
Let y(a) = 3*a**2 - 152*a + 1451. Calculate y(10).
231
Let u(i) = -11*i + 41. What is u(-3)?
74
Let l(z) = -86*z**2 - z + 1. What is l(-1)?
-84
Let y(c) = -c**3 + 206*c**2 - 1003*c - 415. Calculate y(201).
-13
Let b(q) = -4*q**3 - 265*q**2 - 65*q + 57. What is b(-66)?
-9
Let o(u) = -177*u - 1265. Give o(-8).
151
Let j(h) = -65*h + 643. Give j(11).
-72
Let a(x) = 380*x - 746. What is a(2)?
14
Let q(g) = 1622*g - 8110. Give q(5).
0
Let z(r) = r**3 - r**2 + 19*r - 27. What is z(4)?
97
Let p(j) = j**2 - 27*j - 11. What is p(29)?
47
Let k(v) = 3*v**3 - 26*v**2 + 33*v - 128. What is k(8)?
8
Let t(x) = 784*x + 5354. Calculate t(-7).
-134
Let n(y) = 3*y**3 - 82*y**2 + 46*y - 392. Calculate n(27).
121
Let c(g) = g**2 - 274*g - 820. Give c(-3).
11
Let l(x) = -16*x - 107. Give l(-8).
21
Let f(r) = -144*r**3 - 3*r**2 - 6*r - 1. Determine f(-2).
1151
Let o(c) = 4*c**3 + 38*c**2 + 29*c + 108. Calculate o(-9).
9
Let f(g) = -5*g**2 + 231*g - 55. What is f(46)?
-9
Let d(n) = 2*n**3 - 32*n**2 + 28*n - 4. Give d(16).
444
Let g(b) = -3*b**3 - 38*b**2 - 18*b - 7. Determine g(-12).
-79
Let s(i) = -6*i**2 + 29*i - 5. What is s(0)?
-5
Let v(q) = -66*q - 1322. What is v(-20)?
-2
Let i(u) = 5852*u - 76066. Calculate i(13).
10
Let z(f) = 3*f**3 - 6*f**2 + 5*f + 28. Calculate z(3).
70
Let w(m) = -m**3 - 22*m**2 - 22*m - 5. Determine w(-20).
-365
Let f(w) = 23*w - 261. Calculate f(31).
452
Let j(o) = o**3 + 24*o**2 - 7*o + 5. Calculate j(-24).
173
Let z(s) = s**2 - 1095. Give z(-36).
201
Let d(p) = -508*p + 4079. What is d(8)?
15
Let w(o) = o**3 + 51*o**2 + 37*o - 695. Determine w(-50).
-45
Let n(t) = -273*t - 1080. What is n(-4)?
12
Let h(j) = 50*j - 158. Determine h(6).
142
Let t(i) = -341*i - 104. Calculate t(2).
-786
Let y(f) = -f**2 + 56*f - 553. Give y(43).
6
Let n(m) = 60*m - 2747. What is n(45)?
-47
Let m(a) = -68*a - 999. Calculate m(-25).
701
Let f(d) = -3*d**2 + 27*d + 1. Determine f(8).
25
Let q(v) = 116*v - 3717. Calculate q(32).
-5
Let h(j) = j**3 - 151*j**2 - 322*j + 2449. Determine h(153).
1
Let v(w) = 14*w**2 - 245*w + 325. Give v(16).
-11
Let g(b) = -b**3 - 8*b**2 + 7*b + 12. Calculate g(-8).
-44
Let o(h) = -h**2 - 44*h + 74. Give o(-45).
29
Let k(r) = -27*r**2 - 751*r - 26. Determine k(-28).
-166
Let n(i) = 55*i + 944. Calculate n(-17).
9
Let c(j) = -j**3 - 52*j**2 - 249*j - 2743. Give c(-48).
-7
Let y(s) = -s**2 - 16*s - 72. Give y(-9).
-9
Let v(a) = -a**2 + 26*a - 228. Calculate v(11).
-63
Let w(l) = l**3 - 64*l**2 - 574*l - 175. What is w(72)?
-31
Let n(u) = -43*u**2 - 1176*u - 1510. Calculate n(-26).
-2
Let v(d) = -24*d + 94. What is v(3)?
22
Let v(b) = -15584*b + 140240. Calculate v(9).
-16
Let b(c) = 124*c**2 - 846*c - 166. Determine b(7).
-12
Let s(v) = v**2 + 287*v - 871. What is s(3)?
-1
Let m(s) = -4*s**3 - 20*s**2 + 14*s + 93. Give m(-5).
23
Let w(x) = -x**2 + 39*x - 116. Calculate w(40).
-156
Let b(m) = 123*m**3 - 8*m + 7. What is b(1)?
122
Let x(b) = -b**3 + 8*b**2 + 15*b - 33. Give x(9).
21
Let a(j) = 8*j**2 + 1092*j + 2177. What is a(-2)?
25
Let d(n) = 12*n**2 + 387*n + 98. Give d(-32).
2
Let f(u) = -190*u - 561. Calculate f(-3).
9
Let u(k) = 2*k**3 + 18*k**2 - 7*k - 25. Determine u(-9).
38
Let d(f) = f**3 - f**2 - 50*f - 29. What is d(-6)?
19
Let q(m) = -2*m**2 + 86*m - 108. Determine q(34).
504
Let v(a) = 2*a**3 + 25*a**2 + 28*a - 34. What is v(-11)?
21
Let f(g) = 17*g - 55. What is f(9)?
98
Let m(g) = 16*g**2 - 30*g - 121. Calculate m(-4).
255
Let h(s) = 14*s**2 + 3060*s - 1316. Give h(-219).
-2
Let r(h) = 8*h**3 + 470*h**2 - 117*h + 45. Determine r(-59).
-14
Let m(p) = -p**3 - 20*p**2 + 179*p - 277. Determine m(-27).
-7
Let q(o) = 12*o**2 - 40*o + 88. Give q(2).
56
Let b(k) = 115*k**2 + 344*k - 6. Give b(-3).
-3
Let a(g) = 23*g + 285. Give a(-12).
9
Let u(g) = -58*g - 1185. What is u(-19)?
-83
Let a(d) = 23*d**2 + 393*d + 24. What is a(-17)?
-10
Let z(s) = -3*s**3 - 95*s**2 + 32*s - 25. Determine z(-32).
-25
Let c(g) = -g**2 + 46*g - 234. Calculate c(40).
6
Let j(d) = 4879*d + 4881. Calculate j(-1).
2
Let u(v) = -2*v**3 + 14*v**2 - 12*v + 44. What is u(6)?
44
Let g(t) = -50*t + 520. Calculate g(8).
120
Let a(f) = f**2 - 247*f + 9841. What is a(197)?
-9
Let b(y) = -4*y + 113. What is b(30)?
-7
Let w(q) = -104*q + 477. What is w(4)?
61
Let i(d) = -2*d**2 + 118*d - 1651. What is i(22)?
-23
Let r(d) = -185*d - 1761. Give r(-10).
89
Let a(i) = -675*i - 4057. Determine a(-6).
-7
Let a(y) = y**3 + 92*y**2 - 485*y - 26. Give a(-97).
-26
Let m(j) = -j**3 + 6*j**2 + 93*j - 641. Calculate m(8).
-25
Let i(t) = -41*t**3 + 15*t**2 - 12*t - 3. Calculate i(1).
-41
Let m(g) = -g**3 + 30*g**2